{"version":"1.0","provider_name":"Queixo Tetilla","provider_url":"https:\/\/queixotetilla.org\/gl\/","author_name":"Queixo de Tetilla","author_url":"https:\/\/queixotetilla.org\/gl\/author\/raulfg\/","title":"Queso Tetilla en Alimentaria - Queixo Tetilla","type":"rich","width":600,"height":338,"html":"<blockquote class=\"wp-embedded-content\" data-secret=\"afmwPEL7x7\"><a href=\"https:\/\/queixotetilla.org\/gl\/2011\/09\/03\/queso-tetilla-en-alimentaria\/\">Queso Tetilla en Alimentaria<\/a><\/blockquote><iframe sandbox=\"allow-scripts\" security=\"restricted\" src=\"https:\/\/queixotetilla.org\/gl\/2011\/09\/03\/queso-tetilla-en-alimentaria\/embed\/#?secret=afmwPEL7x7\" width=\"600\" height=\"338\" title=\"&#8220;Queso Tetilla en Alimentaria&#8221; &#8212; Queixo Tetilla\" data-secret=\"afmwPEL7x7\" frameborder=\"0\" marginwidth=\"0\" marginheight=\"0\" scrolling=\"no\" class=\"wp-embedded-content\"><\/iframe><script type=\"text\/javascript\">\n\/* <![CDATA[ *\/\n\/*! This file is auto-generated *\/\n!function(d,l){\"use strict\";l.querySelector&&d.addEventListener&&\"undefined\"!=typeof URL&&(d.wp=d.wp||{},d.wp.receiveEmbedMessage||(d.wp.receiveEmbedMessage=function(e){var t=e.data;if((t||t.secret||t.message||t.value)&&!\/[^a-zA-Z0-9]\/.test(t.secret)){for(var s,r,n,a=l.querySelectorAll('iframe[data-secret=\"'+t.secret+'\"]'),o=l.querySelectorAll('blockquote[data-secret=\"'+t.secret+'\"]'),c=new RegExp(\"^https?:$\",\"i\"),i=0;i<o.length;i++)o[i].style.display=\"none\";for(i=0;i<a.length;i++)s=a[i],e.source===s.contentWindow&&(s.removeAttribute(\"style\"),\"height\"===t.message?(1e3<(r=parseInt(t.value,10))?r=1e3:~~r<200&&(r=200),s.height=r):\"link\"===t.message&&(r=new URL(s.getAttribute(\"src\")),n=new URL(t.value),c.test(n.protocol))&&n.host===r.host&&l.activeElement===s&&(d.top.location.href=t.value))}},d.addEventListener(\"message\",d.wp.receiveEmbedMessage,!1),l.addEventListener(\"DOMContentLoaded\",function(){for(var e,t,s=l.querySelectorAll(\"iframe.wp-embedded-content\"),r=0;r<s.length;r++)(t=(e=s[r]).getAttribute(\"data-secret\"))||(t=Math.random().toString(36).substring(2,12),e.src+=\"#?secret=\"+t,e.setAttribute(\"data-secret\",t)),e.contentWindow.postMessage({message:\"ready\",secret:t},\"*\")},!1)))}(window,document);\n\/\/# sourceURL=https:\/\/queixotetilla.org\/wp-includes\/js\/wp-embed.min.js\n\/* ]]> *\/\n<\/script>\n","description":"Como no podia ser de otra manera\u00a0Queso Tetilla ha estado presente en Alimentaria\u00a0uno de los salones de Alimentaci\u00f3n \u00a0m\u00e1s importantes del mundo. Un evento de referencia cuyos factores de \u00e9xito son la m\u00e1xima especializaci\u00f3n de su oferta, la innovaci\u00f3n y una infatigable vocaci\u00f3n exterior. Del\u00a026 al 29 de marzo de 2012,\u00a0Alimentaria\u00a0fue un centro de negocios [&hellip;]"}

Como no podia ser de otra manera Queso Tetilla ha estado presente en Alimentaria uno de los salones de Alimentación  más importantes del mundo. Un evento de referencia cuyos factores de éxito son la máxima especialización de su oferta, la innovación y una infatigable vocación exterior. Del 26 al 29 de marzo de 2012, Alimentaria fue un centro de negocios [&hellip;]
